e 231?
False
Is 584 a multiple of 8?
True
Does 15 divide 8520?
True
Is 66 a factor of 5463?
False
Is 62 a factor of 275?
False
Is 1162 a multiple of 23?
False
Is 44 a factor of 2511?
False
Is 600 a multiple of 6?
True
Is 32 a factor of 288?
True
Is 68 a factor of 272?
True
Is 11 a factor of 96629?
False
Is 94 a factor of 4379?
False
Is 4 a factor of 568?
True
Is 441 a multiple of 45?
False
Is 88 a factor of 4400?
True
Does 17 divide 7943?
False
Is 29488 a multiple of 304?
True
Does 39 divide 764?
False
Is 593 a multiple of 45?
False
Is 3 a factor of 2364?
True
Is 34 a factor of 12920?
True
Does 44 divide 892?
False
Is 137 a factor of 13426?
True
Is 540 a multiple of 18?
True
Is 188 a factor of 11656?
True
Is 11 a factor of 25668?
False
Is 106434 a multiple of 54?
True
Is 3 a factor of 257?
False
Is 1116 a multiple of 124?
True
Is 21 a factor of 1239?
True
Does 54 divide 1233?
False
Is 30 a factor of 223?
False
Is 215 a factor of 1961?
False
Does 77 divide 130515?
True
Is 17 a multiple of 11?
False
Does 6 divide 360?
True
Does 92 divide 2760?
True
Is 312 a multiple of 4?
True
Is 600 a multiple of 12?
True
Is 127789 a multiple of 70?
False
Does 74 divide 2961?
False
Is 14 a factor of 2828?
True
Is 206 even?
True
Is 25316 a multiple of 33?
False
Is 6 a factor of 377?
False
Does 27 divide 33618?
False
Is 100 a factor of 2400?
True
Is 38880 a multiple of 45?
True
Is 26 a factor of 2626?
True
Is 627 a multiple of 33?
True
Is 12390 a multiple of 15?
True
Is 34101 a multiple of 73?
False
Is 811 even?
False
Is 78 a factor of 1950?
True
Is 8 a factor of 2898?
False
Is 14 a factor of 171?
False
Is 3 a factor of 84?
True
Does 11 divide 946?
True
Is 12536 a multiple of 32?
False
Is 8856 a multiple of 12?
True
Is 84231 a multiple of 20?
False
Does 50 divide 720?
False
Is 35696 a multiple of 12?
False
Is 2281 a multiple of 47?
False
Is 37 a factor of 4138?
False
Is 12 a factor of 180?
True
Does 70 divide 11925?
False
Is 36 a factor of 1442?
False
Does 5 divide 55?
True
Is 6 a factor of 32466?
True
Does 21 divide 12412?
False
Is 16 a factor of 9520?
True
Is 11 a factor of 676?
False
Does 2 divide 291?
False
Is 3304 a multiple of 8?
True
Is 24 a factor of 10345?
False
Is 19669 a multiple of 89?
True
Is 840 a multiple of 56?
True
Does 40 divide 174?
False
Is 61 a factor of 610?
True
Is 345 a factor of 118718?
False
Is 836 a multiple of 36?
False
Does 50 divide 2274?
False
Is 1407 a multiple of 24?
False
Is 13 a factor of 7747?
False
Is 16835 a multiple of 13?
True
Does 23 divide 2174?
False
Is 3853 a multiple of 6?
False
Does 55 divide 1648?
False
Is 18 a factor of 12495?
False
Is 42 a factor of 1176?
True
Is 14855 a multiple of 14?
False
Is 155 a factor of 36735?
True
Does 8 divide 48?
True
Does 40 divide 719?
False
Is 37 a factor of 814?
True
Is 25 a factor of 11225?
True
Is 35 a factor of 9905?
True
Is 1612 a multiple of 30?
False
Is 14 a factor of 1050?
True
Is 68 a factor of 51476?
True
Is 3 a factor of 96?
True
Does 129 divide 5284?
False
Is 4576 a multiple of 8?
True
Does 33 divide 4948?
False
Is 2772 a multiple of 88?
False
Is 150 a factor of 64200?
True
Is 142140 a multiple of 60?
True
Does 148 divide 7495?
False
Is 3147 even?
False
Does 83 divide 17195?
False
Is 12080 a multiple of 98?
False
Does 8 divide 1076?
False
Does 24 divide 120?
True
Does 37 divide 21989?
False
Is 24 a factor of 1027?
False
Is 3248 a multiple of 58?
True
Is 11 a factor of 3243?
False
Is 2920 a multiple of 16?
False
Is 5 a factor of 203?
False
Is 124 a multiple of 62?
True
Is 14260 a multiple of 46?
True
Is 1819 a multiple of 17?
True
Is 5 a factor of 6080?
True
Does 2 divide 33?
False
Is 7 a factor of 49?
True
Is 33769 a multiple of 20?
False
Is 4 a factor of 496?
True
Is 4067 a multiple of 49?
True
Does 150 divide 2465?
False
Does 13 divide 3874?
True
Is 7 a factor of 142?
False
Does 128 divide 34288?
False
Is 12 a factor of 26808?
True
Does 10 divide 60?
True
Does 89 divide 1404?
False
Does 4 divide 5?
False
Is 14847 a multiple of 147?
True
Does 47 divide 632?
False
Is 139 a factor of 117917?
False
Is 354 a factor of 64782?
True
Is 480 a multiple of 40?
True
Does 53 divide 53?
True
Is 16 a factor of 1827?
False
Does 7 divide 2569?
True
Is 1696 a multiple of 15?
False
Is 1534 a multiple of 118?
True
Is 13760 a multiple of 80?
True
Is 53 a factor of 25599?
True
Does 22 divide 69762?
True
Does 13 divide 31135?
True
Is 26565 a multiple of 105?
True
Does 22 divide 242?
True
Is 20 a factor of 90220?
True
Is 81 a factor of 50787?
True
Is 495 a multiple of 9?
True
Does 22 divide 9266?
False
Does 20 divide 458?
False
Is 1367 a multiple of 46?
False
Is 132 a factor of 1056?
True
Is 225 a multiple of 3?
True
Is 508 a multiple of 45?
False
Is 19875 a multiple of 125?
True
Is 33 a factor of 4818?
True
Is 9527 a multiple of 24?
False
Is 7 a factor of 980?
True
Is 350 a multiple of 14?
True
Is 51 a factor of 3634?
False
Is 14 a factor of 177?
False
Does 5 divide 1003?
False
Is 15 a factor of 214?
False
Does 51 divide 561?
True
Is 12 a factor of 1029?
False
Is 5 a factor of 22028?
False
Is 85 a factor of 760?
False
Is 74932 a multiple of 10?
False
Is 2687 a multiple of 26?
False
Is 6 a factor of 85?
False
Does 27 divide 10189?
False
Is 11954 a multiple of 139?
True
Does 15 divide 12105?
True
Is 25080 a multiple of 76?
True
Is 935 a multiple of 14?
False
Is 711 a multiple of 24?
False
Does 9 divide 271?
False
Is 137 a factor of 53430?
True
Does 34 divide 510?
True
Is 920 a multiple of 5?
True
Is 5 a factor of 7105?
True
Is 32 a multiple of 16?
True
Does 2 divide 167?
False
Is 28 a factor of 100856?
True
Does 23 divide 1495?
True
Is 35 a factor of 2419?
False
Is 64 a factor of 7232?
True
Is 7317 a multiple of 16?
False
Is 10 a factor of 3370?
True
Is 96941 a multiple of 22?
False
Does 62 divide 28582?
True
Does 42 divide 84?
True
Does 92 divide 3765?
False
Is 4 a factor of 1256?
True
Is 1278 a multiple of 13?
False
Is 35678 a multiple of 8?
False
Is 640 a multiple of 10?
True
Is 33 a factor of 36069?
True
Does 86 divide 14848?
False
Does 11 divide 6094?
True
Is 16 a factor of 1051?
False
Is 259 a multiple of 87?
False
Is 14 a factor of 26460?
True
Is 60 a factor of 18300?
True
Is 15 a factor of 17010?
True
Does 70 divide 7025?
False
Is 3675 a multiple of 35?
True
Is 10 a factor of 2197?
False
Is 28485 a multiple of 27?
True
Is 46758 a multiple of 22?
False
Is 2310 a multiple of 66?
True
Does 12 divide 1152?
True
Is 1734 a multiple of 34?
True
Is 8 a factor of 1442?
False
Does 14 divide 1786?
False
Is 23 a factor of 1173?
True
Does 9 divide 73296?
True
Does 32 divide 2066?
False
Is 760 a multiple of 5?
True
Is 23 a factor of 161?
True
Is 5982 a multiple of 11?
False
Is 4951 a multiple of 62?
False
Is 10 a factor of 530?
True
Is 48 a factor of 129?
False
Is 20352 a multiple of 96?
True
Does 13 divide 1248?
True
Does 26 divide 832?
True
Does 13 divide 15865?
False
Does 82 divide 37966?
True
Is 4800 a multiple of 32?
True
Is 84 a factor of 4452?
True
Does 7 divide 4640?
False
Is 88 a factor of 16984?
True
Does 2 divide 257?
False
Does 6 divide 65373?
False
Is 3768 a multiple of 98?
False
Is 39 a factor of 2611?
False
Is 3520 a multiple of 20?
True
Is 5600 a multiple of 40?
True
Is 4895 a multiple of 95?
False
Is 13 a multiple of 6?
False
Is 83590 a multiple of 130?
True
Is 19 a factor of 737?
False
Is 658 a multiple of 47?
True
Is 148 a multiple of 74?
True
Is 6 a multiple of 3?
True
Is 33 a factor of 1782?
True
Does 100 divide 1100?
True
Does 7 divide 2898?
True
Is 185 a multiple of 37?
True
Is 8 a factor of 716?
False
Does 2 divide 50?
True
Is 2258 a multiple of 37?
False
Is 10 a factor of 1330?
True
Is 8694 a multiple of 18?
True
Does 17 divide 4787?
False
Is 12700 a multiple of 194?
False
Is 26535 a multiple of 6?
False
Is 10328 a multiple of 16?
False
Is 3 a factor of 1233?
True
Does 14 divide 4887?
False
Is 2409 a multiple of 24?
False
Is 8452 a multiple of 6?
False
Is 38 a factor of 836?
True
Is 3320 a multiple of 40?
True
Is 8 a factor of 295?
False
Is 3 a factor of 143?
False
Is 54 a factor of 16524?
True
Is 66 a factor of 45210?
True
Does 65 divide 18395?
True
Is 151 a factor of 1662?
False
Does 22 divide 3940?
False
Is 14 a factor of 7504?
True
Is 2 a factor of 4167?
False
Is 71 a